What is the ten thousands digit of 51118?
5
What is the hundreds digit of 1824?
8
What is the units digit of 129283?
3
What is the hundreds digit of 158714?
7
What is the hundreds digit of 938?
9
What is the units digit of 5527?
7
What is the units digit of 7398?
8
What is the hundreds digit of 1084?
0
What is the hundreds digit of 58353?
3
What is the tens digit of 44191?
9
What is the tens digit of 64412?
1
What is the units digit of 1046?
6
What is the tens digit of 2799?
9
What is the thousands digit of 1073?
1
What is the units digit of 359?
9
What is the hundreds digit of 7440?
4
What is the units digit of 1299?
9
What is the units digit of 6790?
0
What is the thousands digit of 4418?
4
What is the tens digit of 44031?
3
What is the tens digit of 3629?
2
What is the units digit of 6608?
8
What is the tens digit of 31?
3
What is the thousands digit of 75274?
5
What is the tens digit of 335?
3
What is the thousands digit of 3352?
3
What is the hundreds digit of 101807?
8
What is the ten thousands digit of 40496?
4
What is the units digit of 136499?
9
What is the tens digit of 327?
2
What is the units digit of 527?
7
What is the units digit of 7514?
4
What is the tens digit of 4746?
4
What is the tens digit of 20622?
2
What is the thousands digit of 2222?
2
What is the hundreds digit of 592?
5
What is the tens digit of 18341?
4
What is the hundreds digit of 1992?
9
What is the hundreds digit of 735?
7
What is the units digit of 940?
0
What is the tens digit of 2131?
3
What is the hundreds digit of 1984?
9
What is the units digit of 387?
7
What is the tens digit of 789?
8
What is the tens digit of 57?
5
What is the hundreds digit of 12524?
5
What is the units digit of 286?
6
What is the units digit of 1625?
5
What is the tens digit of 7675?
7
What is the tens digit of 61029?
2
What is the units digit of 29583?
3
What is the ten thousands digit of 32888?
3
What is the thousands digit of 29208?
9
What is the units digit of 63321?
1
What is the thousands digit of 36823?
6
What is the thousands digit of 2646?
2
What is the tens digit of 58881?
8
What is the ten thousands digit of 13955?
1
What is the tens digit of 1203?
0
What is the hundreds digit of 1974?
9
What is the units digit of 82201?
1
What is the units digit of 1866?
6
What is the tens digit of 4397?
9
What is the units digit of 20?
0
What is the thousands digit of 6015?
6
What is the tens digit of 27914?
1
What is the units digit of 478?
8
What is the tens digit of 816?
1
What is the hundreds digit of 50229?
2
What is the thousands digit of 87923?
7
What is the tens digit of 3980?
8
What is the hundreds digit of 439?
4
What is the hundreds digit of 968?
9
What is the thousands digit of 16702?
6
What is the units digit of 128?
8
What is the hundred thousands digit of 140730?
1
What is the units digit of 18?
8
What is the thousands digit of 34736?
4
What is the hundreds digit of 41389?
3
What is the tens digit of 1560?
6
What is the tens digit of 2141?
4
What is the tens digit of 11436?
3
What is the units digit of 7793?
3
What is the units digit of 7356?
6
What is the hundreds digit of 564?
5
What is the tens digit of 4731?
3
What is the tens digit of 360?
6
What is the thousands digit of 4318?
4
What is the tens digit of 15304?
0
What is the hundreds digit of 27239?
2
What is the units digit of 1294?
4
What is the tens digit of 13242?
4
What is the tens digit of 1360?
6
What is the tens digit of 5516?
1
What is the tens digit of 740?
4
What is the hundreds digit of 2513?
5
What is the tens digit of 41722?
2
What is the tens digit of 693?
9
What is the ten thousands digit of 11681?
1
What is the tens digit of 6848?
4
What is the hundreds digit of 1783?
7
What is the units digit of 130002?
2
What is the units digit of 863?
3
What is the hundreds digit of 2230?
2
What is the tens digit of 1877?
7
What is the thousands digit of 8392?
8
What is the tens digit of 1192?
9
What is the hundreds digit of 925?
9
What is the hundreds digit of 19772?
7
What is the hundreds digit of 3556?
5
What is the hundred thousands digit of 143967?
1
What is the ten thousands digit of 23504?
2
What is the units digit of 1627?
7
What is the units digit of 876?
6
What is the units digit of 407?
7
What is the thousands digit of 9511?
9
What is the tens digit of 1818?
1
What is the units digit of 57928?
8
What is the units digit of 502?
2
What is the tens digit of 14885?
8
What is the units digit of 9735?
5
What is the tens digit of 5841?
4
What is the tens digit of 5294?
9
What is the hundreds digit of 828?
8
What is the thousands digit of 10799?
0
What is the tens digit of 1175?
7
What is the thousands digit of 13917?
3
What is the tens digit of 42570?
7
What is the thousands digit of 95185?
5
What is the thousands digit of 5800?
5
What is the thousands digit of 9135?
9
What is the tens digit of 321?
2
What is the hundreds digit of 5330?
3
What is the tens digit of 16688?
8
What is the thousands digit of 2381?
2
What is the hundreds digit of 2125?
1
What is the units digit of 208?
8
What is the hundreds digit of 193?
1
What is the hundreds digit of 10728?
7
What is the hundreds digit of 6723?
7
What is the ten thousands digit of 18522?
1
What is the units digit of 5517?
7
What is the hundreds digit of 3702?
7
What is the thousands digit of 61568?
1
What is the thousands digit of 1506?
1
What is the units digit of 570?
0
What is the units digit of 1350?
0
What is the hundreds digit of 5077?
0
What is the hundreds digit of 113279?
2
What is the thousands digit of 24113?
4
What is the thousands digit of 52670?
2
What is the units digit of 7942?
2
What is the tens digit of 4754?
5
What is the units digit of 3027?
7
What is the tens digit of 370?
7
What is the units digit of 3153?
3
What is the units digit of 72832?
2
What is the tens digit of 1338?
3
What is the thousands digit of 10236?
0
What is the tens digit of 3795?
9
What is the tens digit of 4312?
1
What is the tens digit of 8652?
5
What is the tens digit of 1722?
2
What is the hundreds digit of 67774?
7
What is the tens digit of 1355?
5
What is the thousands digit of 2490?
2
What is the thousands digit of 9721?
9
What is the thousands digit of 123947?
3
What is the thousands digit of 32824?
2
What is the units digit of 3549?
9
What is the thousands digit of 59059?
9
What is the hundreds digit of 10526?
5
What is the hundreds digit of 1170?
1
What is the thousands digit of 5571?
5
What is the units digit of 1028?
8
What is the thousands digit of 4309?
4
What is the units digit of 8417?
7
What is the thousands digit of 2615?
2
What is the hundreds digit of 68098?
0
What is the hundreds digit of 3524?
5
What is the units digit of 841?
1
What is the hundreds digit of 2622?
6
What is the tens digit of 5854?
5
What is the ten thousands digit of 84970?
8
What is the tens digit of 13880?
8
What is the thousands digit of 3812?
3
What is the hundreds digit of 849?
8
What is the thousands digit of 13899?
3
What is the ten thousands digit of 10350?
1
What is the hundreds digit of 1325?
3
What is the hundreds digit of 4448?
4
What is the hundreds digit of 15945?
9
What is the tens digit of 7990?
9
What is the thousands digit of 1550?
1
What is the hundreds digit of 3620?
6
What is the hundreds digit of 515?
5
What is the tens digit of 714?
1
What is the units digit of 2963?
3
What is the units digit of 9930?
0
What is the thousands digit of 67545?
7
What is the tens digit of 76210?
1
What is the hundreds digit of 7828?
8
What is the hundred thousands digit of 153543?
1
What is the tens digit of 50387?
8
What is the tens digit of 496?
9
What is the units digit of 1?
1
What is the thousands digit of 2172?
2
What is the thousands digit of 9010?
9
What is the hundreds digit of 5682?
6
What is the tens digit of 888?
8
What is the hundreds digit of 4785?
7
What is the thousands digit of 6596?
6
What is the thousands digit of 57548?
7
What is the thousands digit of 171054?
1
What is the hundreds digit of 19142?
1
What is the units digit of 2546?
6
What is the thousands digit of 3721?
3
What is the hundreds digit of 36943?
9
What is the thousands digit of 28469?
8
What is the units digit of 866?
6
What is the units digit of 11684?
4
What is the units digit of 7907?
7
What i